/8.
2, 3
Let p(b) be the third derivative of -b**4/24 + 7*b**3/6 + 2*b**2. Let d be p(-6). Suppose d = -4*s + 77. What are the prime factors of s?
2
Let g = 109 - 29. List the prime factors of g.
2, 5
Let a(y) = y. Let s be a(5). Suppose w - q + 0 = 1, 3 = -5*w - 3*q. Suppose w = s*o + 5 - 30. What are the prime factors of o?
5
Let w(n) = n + 4. Suppose 0 = -j + 3*t - 5, 24 = 3*j - t + 5*t. List the prime factors of w(j).
2
Let n(i) = 3*i**2 + 9*i + 17. Let b be n(-9). Suppose -7*l + 3*c + 289 = -2*l, 3*l + c - b = 0. List the prime factors of l.
59
Let a(t) = t**2 + 9*t - 5. Let s be a(-10). Suppose 5*m - s*n - 85 = 0, 2*m - 51 + 2 = -n. Let q = m + -16. List the prime factors of q.
2, 3
Suppose -5*l - s + 150 = -44, -75 = -2*l - 3*s. Suppose 7*n = 4*n + l. List the prime factors of n.
13
Suppose 2*l + 5*s - 83 + 34 = 0, 17 = l - 5*s. What are the prime factors of l?
2, 11
Let f = -106 + 72. Let j = f + 60. What are the prime factors of j?
2, 13
Let q(v) = 4*v - 4. Let j be (2 - (3 + 2))*1. Let a be q(j). Let u = a + 25. List the prime factors of u.
3
Let q(x) = 2*x + 8. Let d be q(0). Suppose -m = -2*y + 16, d - 4 = -m. List the prime factors of y.
2, 3
Let p(s) = s - 1. Let l(w) = -w + 4. Let y(i) = l(i) + 2*p(i). List the prime factors of y(6).
2
Let m(q) = 10*q**2 + 7*q - 1. What are the prime factors of m(-4)?
131
Let j(k) = -k**3 - 9*k**2 - 11*k - 11. What are the prime factors of j(-8)?
13
Suppose 2*p - 7*p + 105 = 0. List the prime factors of p.
3, 7
Suppose 0 = -2*l + 3*u + 11, -7*u + 2*u = 4*l - 11. Let k be 44/6 - l/(-6). Suppose j + j - k = 0. List the prime factors of j.
2
Suppose 18*u - 26*u = -2224. What are the prime factors of u?
2, 139
Suppose -2*r + 84 = 32. Let d = 44 - r. What are the prime factors of d?
2, 3
Let b(l) = -l + 5. Let m(x) = -4. Let j(y) = 3*b(y) + 2*m(y). List the prime factors of j(-3).
2
Let o = -4 - -43. List the prime factors of o.
3, 13
Suppose 0 = 2*i - 6*i - 16. What are the prime factors of 2 + -2*22/i?
13
Suppose g + 0*g - 31 = 0. List the prime factors of g.
31
Suppose -2*h = -4, 6*h - h - 165 = -5*m. Let r = -15 + m. Let o = r - 3. List the prime factors of o.
13
What are the prime factors of (-10)/(-40) - (0 - 279/4)?
2, 5, 7
Let s = 0 - 4. What are the prime factors of 46 - (s - 0 - -1)?
7
Suppose 0 = -4*r - 0 - 8. Let j = 1 - r. Suppose j = -2*p + 9. What are the prime factors of p?
3
Suppose -5*t - 5 - 20 = 0. Let h(w) = -5*w - 5. What are the prime factors of h(t)?
2, 5
Let g = -9 + 19. Suppose 0*s - 5*s = -g. Suppose 2*c = 4*l - 54, -l + s*c = 7*c - 19. What are the prime factors of l?
2, 7
Let z(k) = k**3 + k**2 + k + 2. Let w be z(-2). List the prime factors of 8/w + (17 - -2).
17
Let p = 8 + -4. Suppose 0 = -p*b + 398 - 138. Suppose 6*k = k + b. List the prime factors of k.
13
List the prime factors of ((-1368)/27)/(4/(-6)).
2, 19
Suppose -3*i = i - 252. List the prime factors of i.
3, 7
Suppose z = 27 + 1. Let h = z + -12. List the prime factors of h.
2
What are the prime factors of 3 + 120 + (-1 - -2) + 1?
5
Let z(m) = -m**2 - 13*m + 7. Let n be z(-10). Suppose -13 - n = -5*w. What are the prime factors of w?
2, 5
Let a = -6 + -4. Let i(z) = -z**3 - 9*z**2 + 9*z - 3. List the prime factors of i(a).
7
Let v = 23 + -15. What are the prime factors of v?
2
Let b = -26 - 2. Let f = 47 + b. List the prime factors of f.
19
Let n(a) = -a - 21. Let f be n(0). Let k = f - -33. List the prime factors of k.
2, 3
Let q(p) be the first derivative of 2*p**3 - 3*p**2/2 - 3*p - 4. What are the prime factors of q(-2)?
3
Let g(a) = -a**2 + 7*a - 6. Suppose -3*k = -j - 5, 2*j + 10 = 4*k - 9*k. Let y = 4 - k. What are the prime factors of g(y)?
2, 3
List the prime factors of (12/(-10))/(25/(-250)).
2, 3
Suppose c - 14 = 10. List the prime factors of c.
2, 3
Let t(n) = -3*n - 1. Let r be t(-1). Suppose 4*m - 34 = r. What are the prime factors of m?
3
Let a = -1 + -1. Let h be 3/3 - 30/a. Suppose -2*d - h = -b, -5*d - 5 - 10 = 0. List the prime factors of b.
2, 5
Let m = 58 + -21. List the prime factors of m.
37
Let q(o) = -o**2 + 4*o + 1. Let r be q(4). Suppose -s - 4*z + 37 = 0, 3*z - r = 14. What are the prime factors of s?
17
Let g be 14/(-18) - 2/9. List the prime factors of g/(192/(-63) + 3).
3, 7
Let l(k) = 12*k - 16. List the prime factors of l(6).
2, 7
Let n = -65 - -93. List the prime factors of n.
2, 7
Let r be 28/35 + (-12)/(-10). What are the prime factors of (106/(-4))/(r/(-4))?
53
Suppose 4*d + 4*a - 12 = 0, -34 = -2*d + a + 4*a. What are the prime factors of d?
7
Let l(f) = f**3 - 7*f**2 - 8*f + 2. Let d be l(8). Suppose -d*v = -14 - 10. Suppose j = 4*j - v. What are the prime factors of j?
2
Let m(w) = 2*w - 10. Let v be m(7). Suppose -4*h = -32 - v. List the prime factors of h.
3
Let l be (-12)/(-1 + (-9)/(-11)). What are the prime factors of 9/12 + l/8?
3
Let k(s) = -8*s - 14. List the prime factors of k(-10).
2, 3, 11
Let p(s) = -s**2 - 22*s - 22. List the prime factors of p(-15).
83
Let y be (-43)/(-3) - (-4)/6. Suppose -4*w - 20 = 3*h, 4*w + 5*h = -5 - y. Let x(k) = -k**3 - 5*k**2 - 2*k. What are the prime factors of x(w)?
2, 5
Let y(u) = -1 + 4*u**3 + 6*u**2 - 4*u + 5*u + u - 3*u**3. What are the prime factors of y(-4)?
23
List the prime factors of 207 - 14 - (-1 + (-2)/2).
3, 5, 13
Let v be 21/5 - 1/5. Suppose -47 - 97 = -v*z - 2*s, s = 4*z - 132. List the prime factors of z.
2, 17
Suppose 0*q + 72 = 4*i + q, -73 = -3*i + 4*q. List the prime factors of i.
19
Let g = -5 + 3. What are the prime factors of 10 + 2*(1 + g)?
2
Let s = 36 - 17. Suppose 0 = 3*g - 8 - s. What are the prime factors of g?
3
Let i(r) = 8*r - 1 + 0*r - r + 2*r**2 - 1. What are the prime factors of i(-5)?
13
Suppose -2 + 158 = -2*y. Let p = 118 + y. What are the prime factors of p?
2, 5
Let z(b) = 2*b**2 - 30*b - 20. What are the prime factors of z(16)?
2, 3
Suppose 3*j - 2*d - 118 = 0, -d = -4*j + 2*d + 159. List the prime factors of j.
2, 3
Suppose -3 = 3*m - 15, -4*p + 400 = 2*m. What are the prime factors of p?
2, 7
Let i(q) = q**3 - 4*q**2 + q + 6. Let u(n) = -n**3 + 2*n**2 - n - 3. Let p(y) = -4*i(y) - 7*u(y). List the prime factors of p(2).
5, 7
Let c = -9 - -12. What are the prime factors of -1 + -2 + 24 - c?
2, 3
Let q be (-1)/1*(3 - 5). List the prime factors of (-2 + 8)/1 + q.
2
Let q(z) = z**3 - 5*z**2 - 5*z - 3. Let v be q(6). Suppose -5*p + 39 - 8 = y, v*y = -3*p + 33. List the prime factors of y.
2, 3
Let p = -458 + 651. List the prime factors of p.
193
Suppose 101 - 1139 = -6*y. List the prime factors of y.
173
Let s(u) = -60*u. What are the prime factors of s(-2)?
2, 3, 5
Suppose -l + 4*l - 24 = 0. Suppose -2*m + 6*m = l. Suppose -12 - 4 = -2*t + 4*d, 2*t - 12 = m*d. What are the prime factors of t?
2
Let f(i) = 1 - 2 + 4 + 24*i**2 - 2. Let d be f(-1). Suppose 0 = -3*p + v + v + d, 5*v + 40 = 5*p. List the prime factors of p.
3
Suppose 7*l - 1564 = 158. What are the prime factors of l?
2, 3, 41
Suppose 5*w - 4 = 2*s + 2*w, s + 3*w - 16 = 0. Suppose s*i - 16 = -0*i. List the prime factors of i.
2
Suppose -r + 3*a + 19 - 3 = 0, -a = -5*r + 24. Suppose -19 = r*h - 191. List the prime factors of h.
43
Let n(k) = k**3 + 9*k**2 - 12*k + 11. What are the prime factors of n(-10)?
31
Suppose 2*v + v - 144 = 0. Suppose 0 = s - 6*s + 110. What are the prime factors of 2/(-11) + v/s?
2
Let z(p) = p**3 + 2*p**2 - 4*p - 1. Let r be z(-3). Suppose -r*v + 5*v - 6 = 0. Suppose v*x = 20 - 6. What are the prime factors of x?
7
Let d = 157 - 73. What are the prime factors of d?
2, 3, 7
Suppose 7 = -3*p - 5. List the prime factors of (170/25)/(p/(-10)).
17
Let r(h) = h**3 - 4*h**2 + 3*h - 1. Let t be r(2). Let i(p) = -11*p + 1. What are the prime factors of i(t)?
2, 17
Suppose 5*d - 2*d = 9. Let v be 9/6*8/d. Suppose -v*x + 41 - 5 = 0. List the prime factors of x.
3
Suppose 0*n = -3*n + 282. Let g = -60 + n. Suppose -10 = 2*s - g. List the prime factors of s.
2, 3
Let y be -3 + 20 - 3 - 2. What are the prime factors of 294/(-4)*(-8)/y?
7
Suppose -9*t + 100 = -8*t. List the prime factors of t.
2, 5
Let q(y) be the second derivative of y**5/20 - y**4/2 + y**3/2 - 3*y**2 - 2*y. Let v(s) = -s**2 + s + 6. Let z be v(0). What are the prime factors of q(z)?
2, 3
Suppose f = -3*f - 16. What are the prime factors of (f/(-3